t common divisor of 32927 and 114.
19
What is the greatest common divisor of 15 and 2359455?
15
What is the greatest common factor of 109551 and 546?
39
Calculate the greatest common factor of 14776 and 88.
8
Calculate the highest common factor of 1206 and 39654.
18
What is the greatest common divisor of 719587 and 1254?
209
Calculate the highest common factor of 15485 and 2945.
95
Calculate the highest common factor of 885370 and 8.
2
Calculate the highest common divisor of 117 and 53534.
13
What is the highest common factor of 124 and 59117?
31
What is the highest common factor of 2008 and 722378?
502
What is the highest common divisor of 66731 and 70?
7
What is the greatest common divisor of 3196 and 714?
34
What is the greatest common factor of 272910 and 1210?
110
Calculate the greatest common divisor of 1911 and 4557.
147
What is the highest common factor of 9789 and 195?
39
What is the greatest common factor of 1180320 and 840?
120
Calculate the greatest common divisor of 5029 and 8239.
107
Calculate the highest common factor of 2196 and 2718.
18
What is the greatest common divisor of 1440 and 558288?
144
Calculate the greatest common divisor of 369 and 435420.
369
What is the highest common factor of 99 and 7491?
33
Calculate the highest common divisor of 41006 and 7714.
406
What is the highest common divisor of 378560 and 1430?
130
What is the highest common divisor of 23276 and 66?
22
Calculate the greatest common factor of 636709 and 19.
19
Calculate the greatest common divisor of 403 and 439673.
403
Calculate the highest common factor of 41305 and 55.
55
Calculate the greatest common factor of 75 and 3435975.
75
Calculate the greatest common divisor of 95 and 438995.
95
What is the greatest common factor of 2261 and 21012?
17
What is the highest common divisor of 3913 and 218827?
301
Calculate the highest common divisor of 253 and 77947.
23
Calculate the highest common factor of 484470 and 2790.
90
What is the greatest common divisor of 24158 and 2914?
94
What is the highest common divisor of 7578 and 714?
6
Calculate the highest common factor of 20 and 1617710.
10
What is the greatest common divisor of 12580 and 388?
4
What is the greatest common factor of 9975 and 13363?
7
What is the greatest common divisor of 787006 and 88?
22
What is the highest common divisor of 5696 and 9612?
356
What is the greatest common divisor of 115697 and 381?
127
What is the highest common divisor of 30 and 3937260?
30
What is the highest common factor of 14620 and 40?
20
Calculate the greatest common divisor of 184 and 74824.
8
Calculate the greatest common divisor of 69 and 42573.
69
Calculate the greatest common divisor of 33707 and 222.
37
Calculate the highest common divisor of 94400 and 8.
8
What is the highest common divisor of 368 and 15985?
23
What is the greatest common factor of 2701 and 3478?
37
Calculate the highest common divisor of 16 and 213544.
8
Calculate the highest common factor of 30663 and 18.
9
What is the greatest common factor of 161447 and 143?
143
What is the greatest common factor of 39711 and 90951?
1281
What is the greatest common divisor of 5080275 and 2412?
603
Calculate the greatest common divisor of 51450 and 11175.
75
What is the highest common factor of 59748 and 13494?
78
Calculate the greatest common divisor of 2084724 and 8.
4
What is the highest common factor of 57332 and 176?
44
What is the greatest common divisor of 42 and 216202?
14
What is the highest common divisor of 356762 and 3808?
238
What is the greatest common factor of 233415 and 91?
91
Calculate the highest common factor of 36 and 64836.
36
What is the highest common factor of 277020 and 2580?
60
Calculate the greatest common divisor of 5 and 53645.
5
What is the highest common factor of 21 and 25116105?
21
What is the highest common factor of 245 and 750827?
49
What is the highest common factor of 143445 and 15330?
1095
What is the highest common factor of 99 and 345741?
33
What is the highest common factor of 55065 and 60?
15
Calculate the highest common factor of 2941 and 1190.
17
What is the greatest common divisor of 782 and 4753778?
782
Calculate the highest common divisor of 1218 and 15666.
42
What is the greatest common divisor of 2051064 and 36?
36
Calculate the highest common factor of 743790 and 30.
30
Calculate the greatest common factor of 2046108 and 24.
12
What is the highest common divisor of 780 and 135?
15
What is the greatest common divisor of 5628 and 228?
12
What is the greatest common factor of 381376 and 48?
16
What is the greatest common divisor of 7 and 6287?
1
Calculate the highest common factor of 440 and 1049004.
44
What is the highest common divisor of 29172 and 300?
12
What is the greatest common divisor of 346208 and 12564?
1396
What is the greatest common factor of 138873 and 11067?
357
What is the greatest common factor of 239568 and 552?
552
Calculate the highest common factor of 600 and 59424.
24
What is the highest common divisor of 92 and 1011356?
92
Calculate the greatest common factor of 22 and 37939.
11
What is the greatest common factor of 52 and 6539?
13
What is the highest common divisor of 47 and 63?
1
What is the greatest common divisor of 597 and 12?
3
Calculate the greatest common divisor of 5184 and 352.
32
Calculate the highest common factor of 505 and 120493.
101
Calculate the highest common divisor of 95825 and 75.
25
Calculate the highest common factor of 5421 and 156792.
417
Calculate the greatest common factor of 460800 and 15000.
600
What is the greatest common divisor of 256 and 43072?
64
Calculate the highest common factor of 136 and 1791256.
136
Calculate the greatest common divisor of 770 and 235345.
55
Calculate the highest common factor of 104 and 112021.
13
What is the greatest common factor of 184221 and 243?
27
Calculate the highest common factor of 20845 and 110.
55
What is the greatest common factor of 628 and 60?
4
What is the highest common factor of 366300 and 2970?
990
What is the highest common factor of 490 and 25065?
5
What is the highest common factor of 39188 and 24638?
194
What is the greatest common factor of 146 and 20778?
2
What is the greatest common factor of 19158716 and 236?
236
Calculate the greatest common factor of 66148 and 25165.
719
What is the highest common factor of 20 and 29620?
20
Calculate the greatest common divisor of 263010 and 132.
66
Calculate the highest common factor of 780770 and 652.
326
What is the highest common factor of 1024 and 110784?
64
Calculate the greatest common factor of 340824 and 48.
24
What is the greatest common divisor of 182077 and 1330?
133
Calculate the highest common factor of 81 and 284895.
9
Calculate the greatest common factor of 16587 and 4845.
57
Calculate the highest common factor of 168 and 1299564.
84
What is the greatest common factor of 961 and 5425?
31
Calculate the highest common divisor of 9390 and 18.
6
What is the greatest common divisor of 45 and 99865?
5
What is the greatest common divisor of 13803 and 7383?
321
What is the greatest common factor of 1874268 and 396?
396
Calculate the greatest common factor of 12 and 269628.
12
Calculate the greatest common factor of 12480 and 3055.
65
Calculate the highest common factor of 303462 and 9522.
414
Calculate the greatest common divisor of 4390 and 151016.
878
What is the highest common divisor of 2036375 and 125?
125
Calculate the greatest common divisor of 1141577 and 57.
19
What is the highest common divisor of 609 and 46081?
203
What is the greatest common divisor of 1027208 and 1743?
581
Calculate the highest common divisor of 565435 and 91.
13
Calculate the greatest common divisor of 3737 and 1258.
37
What is the highest common factor of 7305 and 1205?
5
What is the greatest common divisor of 402580 and 70?
10
Calculate the greatest common factor of 1638 and 22806.
126
What is the highest common factor of 391 and 28169?
17
Calculate the greatest common divisor of 318188 and 156.
52
What is the highest common divisor of 702 and 56187?
27
Calculate the greatest common divisor of 20347 and 5.
1
What is the highest common factor of 5 and 811?
1
What is the highest common divisor of 272 and 65144?
136
What is the greatest common divisor of 2593 and 9?
1
What 